 of (4 - (9 + -3)) + 2 + 4?
4
(-2 - 0) + (-3 - -4)
-1
1 + -2 + -14 + (3 - -7)
-5
Calculate -12 + 12 + (-11 - -6).
-5
What is 18 + -18 - (0 + -2)?
2
Calculate -4 - (-1 - ((1 - -2) + -2)).
-2
What is -8 - -1 - (-15 - -2)?
6
-7 - -25 - 8 - 11
-1
0 + (-8 - -10 - 7)
-5
What is 7 + -5 + -5 + (6 - 3)?
0
-8 - -18 - (6 - (-2 - -3))
5
What is the value of -4 + (1 - 3) + 4?
-2
Calculate (7 - (8 - 1)) + (-1 - -5).
4
What is the value of -6 + 1 + (1 + -4 - 1)?
-9
Calculate 0 - 2 - (13 - 16).
1
(0 - (0 + -2 + 1)) + -1
0
What is -31 - -35 - (-1 + 3 + -2)?
4
Evaluate -7 - (3 + -1 + -5).
-4
Calculate -2 - (11 - 5 - 4).
-4
Calculate 2 - -3 - (-22 + 21).
6
What is the value of -2 + (-5 - (-1 + -3))?
-3
What is 0 + 2 + 0 - (6 - 10)?
6
Evaluate -21 - (-14 - -1) - -16.
8
What is the value of 4 + -2 - 4 - (2 - 2)?
-2
Calculate (6 + -2 - (-2 + 5)) + -2.
-1
Evaluate 7 + (2 - 3) + -2.
4
What is the value of -1 - (-4 - -23 - 11)?
-9
Calculate -13 - -4 - (-15 - -10).
-4
What is -16 + (-6 + 8 - -6) - -12?
4
What is (15 - 0) + (105 - 113)?
7
Calculate 4 + -8 - (-1 + -8) - 1.
4
-6 + 19 + -9 - (0 + 8)
-4
What is 12 + (0 - (15 + -6))?
3
Calculate (1 - -2) + (-8 - -6) + 3.
4
What is the value of -3 - ((-2 - 1 - -1) + -4)?
3
What is the value of (-1 - -4) + -1 + -5?
-3
11 + (0 - 1) + -5
5
Evaluate 3 + -5 - -7 - (1 + 1).
3
-2 + 3 + 2 - (8 - 4)
-1
Calculate 2 - (-1 - -4) - 0.
-1
7 + -13 + 12 - (2 + -1)
5
4 + -1 - 8 - 0 - 0
-5
Evaluate 8 + (-1 - -1) + -5 + 1.
4
What is the value of 0 + 1 - (1 - -3)?
-3
(-2 - (-17 + 6)) + -7
2
What is -200 - -185 - (-9 - -1 - -1)?
-8
-1 - (2 - 5 - (0 + 3))
5
What is 3 - 1 - (2 - 0) - -1?
1
-4 + -4 + 1 + 2 + 1
-4
What is 5 - -1 - (47 - 45)?
4
Evaluate (-2 - -8) + (6 + -4 - 4).
4
-3 + (3 - 0) - (-25 + 23)
2
(37 - 30) + -2 + -1
4
Evaluate -1 + 2 - (-6 + 2) - -1.
6
-1 + (2 - (5 + -2 - -3))
-5
Evaluate -2 - (6 - (10 - 0)).
2
Calculate 5 + 3 + 0 - 3.
5
(-6 - (2 - 12)) + -9
-5
-156 + 151 - (-4 + 0)
-1
What is 44 + -38 - (7 + -1)?
0
What is the value of 8 + -3 - (4 + -1)?
2
What is 13 + 0 + -5 + -23 + 7?
-8
Calculate -1 + (-1 - (-2 - 1)).
1
Evaluate 2 - (10 - (3 + 7)).
2
What is the value of 2 - 5 - (-3 + -1)?
1
6 + -6 + 6 - 1
5
What is the value of (-1 - (-1 + -1)) + (-102 - -97)?
-4
Calculate 0 + -2 + 4 - (-2 + 2).
2
Evaluate 1 - 0 - (5 + 7 + -6).
-5
Calculate -12 + 22 - (8 + (-5 - -3)).
4
What is the value of -13 + (6 - 10) + 12?
-5
Evaluate 5 - (29 - 36 - (-1 + -2)).
9
-11 + (0 - -3) - (-4 - 0)
-4
What is (-5 - ((8 - 6) + 2)) + 2?
-7
What is 8 + -7 + (12 - 10)?
3
What is the value of 5 + 1 + -5 + (-14 - -17)?
4
Evaluate -7 - (2 + -9 - (19 + -27)).
-8
What is the value of 4 - (9 + -5 + 3)?
-3
What is (-6 + 14 + -6 - 3) + 3?
2
Evaluate (2 - -1) + (0 - 1).
2
-5 - -2 - -1 - 4
-6
17 - 9 - (6 - (5 + -5))
2
Evaluate -22 - -26 - (5 + -1).
0
Evaluate -4 + (3 - -4) + (-5 - 1).
-3
What is the value of -5 - ((-5 - -3) + -4)?
1
Evaluate (10 - 3) + (19 - 13) + -4.
9
Calculate 7 + -17 + 8 + (5 - -1).
4
What is -2 - (-2 + 6 + 6 + -13)?
1
9 + -9 + 3 - 1
2
Evaluate -1 + 1 + (-2 - -2).
0
What is 3 - 0 - (17 - 10)?
-4
Evaluate 8 - (13 - 15 - (1 + -8)).
3
Calculate (-5 + 4 - -1) + 5.
5
What is the value of -4 + (-2 - -9) - 3?
0
-2 - (3 + -9 + 0)
4
What is 3 + (-6 - ((0 - -5) + -2))?
-6
Evaluate 1 - 5 - ((2 - -1) + -2).
-5
Evaluate (-44 - -41) + 11 + -3.
5
What is -3 + (-1 - (1 + (1 - 3)))?
-3
4 + -7 - (-3 + 3 - 4)
1
What is the value of 0 + 4 + -2 - 7?
-5
What is the value of -2 - -5 - -4 - 5?
2
Evaluate 4 + (11 - 14) + -9.
-8
What is 5 + 2 - (-2 - -2)?
7
What is the value of (4 - 4) + 0 - 3?
-3
(21 - 9 - -7) + -10
9
Evaluate (-2 - -8) + -19 - (-6 - -1).
-8
Calculate 6 - (2 + 2) - -5.
7
Evaluate -1 - (4 - 11 - -4) - -1.
3
Calculate -1 - (0 + 3 + (3 - 5)).
-2
What is 4 + -1 - (-5 - -13 - 10)?
5
Calculate (0 - (0 - 5)) + -6.
-1
Evaluate -2 + 1 + 2 + (-3 - -6).
4
Evaluate 4 - 7 - (3 - 4).
-2
Evaluate 2 + 9 + -3 - 10.
-2
Calculate -10 + 20 + (3 + -12 - -2).
3
5 + 1 - 1 - (24 - 13)
-6
Calculate 1 - (-3 - -3 - -1) - 3.
-3
What is the value of -1 - (-7 + 2 - -1)?
3
Evaluate (11 - 8) + 5 - 4.
4
Evaluate -7 - -4 - 1 - (2 + -5).
-1
What is -1 + 5 - (-1 - (-6 - -5))?
4
Calculate -8 + 2 + (2 - 7 - -6).
-5
Evaluate -6 - (-4 - (4 - 3)).
-1
What is the value of (3 - 7) + (-4 - -8)?
0
Calculate -65 + 64 - (-2 - 8).
9
0 + (4 - (12 - 3))
-5
1 + (-6 - -3) + 4
2
Calculate 8 - 7 - ((1 - 1) + -3).
4
Calculate (-2 - (-1 + -3)) + 2.
4
(6 - (-3 + 9)) + -2
-2
What is the value of -10 + -9 + 14 + 5?
0
Evaluate 1 + 2 + 0 + 6 + -6.
3
-10 - -4 - -3 - -6
3
Evaluate (1 - (2 - -1)) + (-9 - -11).
0
Calculate -4 - 4 - -10 - 3.
-1
What is -2 - (-3 + 6 - 10)?
5
-31 + 48 + (-9 - -2)
10
What is the value of -3 - (-2 + 3 + (-6 - -3))?
-1
2 - ((3 - -3) + -9)
5
What is (-2 - -5 - -4 - 11) + 5?
1
-1 + (7 - 4) - 5
-3
Evaluate 8 - (0 - -2 - -2).
4
Evaluate -4 + (-3 + 5 + -13 - -7).
-8
Calculate (4 - (-1 + (6 - 2))) + 4.
5
3 + (0 - 3) + (2 - -1)
3
Evaluate (0 + -1 + 4 - 7) + 2.
-2
What is -4 - (-6 + 3 - -3)?
-4
Evaluate 0 - -1 - (3 + -9).
7
Calculate (-1 - -4 - (3 - 2)) + 3.
5
What is 0 + 3 - (3 + 2 + -5)?
3
-2 - (8 + 4 - 7)
-7
What is 6 + (-7 - 0) - (-1 + 2)?
-2
-2 + -4 - (4 + -10)
0
What is (-2 - -2 - 6) + -5 + 4?
-7
Evaluate (3 + -2 - -2) + -3.
0
Calculate 6 + -5 + (5 - 6).
0
What is (18 - 11) + -11 + -1 + 7?
2
Evaluate 2 - 1 - ((-8 - -13) + 2).
-6
Evaluate (-6 + 3 - (18 + -23)) + -2.
0
What is -1 - ((-2 - -5) + 3)?
-7
3 + 1 + (-3 - (-8 + 10))
-1
Evaluate 13 - 13 - (-1 - -1).
0
What is (5 - (-5 + 7)) + -1 + 1?
3
16 + -15 + (0 - 5) + -1
-5
What is (5 - (-1 + 2)) + 0?
4
Calculate -3 + 1 - (18 + -21).
1
Calculate -19 + 13 + (-1 + 1 - -3).
-3
Evaluate 4 - (-6 - -18) - -14.
6
Evaluate 7 + (-2 - -3) + -1 + -2.
5
Calculate -3 + 5 + -1 - -4.
5
What is 11 + -2 + -2 - (13 - 12)?
6
Evaluate -10 + 6 - (-2 + -2 + 0).
0
-6 + 2 - -4 - 0
0
What is -5 + 8 - 6 - (0 - 2)?
-1
What is the value of -6 - (2 + 0 - (-5 + 9))?
-4
Evaluate 5 + 0 - (-53 + 57).
1
Evaluate (-2 - 4) + 7 + 0.
1
What is the value of -3 - (-6 - 0 - 1)?
4
Evaluate -8 - (4 - 0) - -6.
-6
What is the value of (4 - 3) + 7 + -2 + -8?
-2
What is -1 + (-6 - -2 - 0)?
-5
What is the value of (5 - -4 - 15) + (0 - 1)?
-7
What is the value of 8 - ((8 - 3) + 1)?
2
-1 + 3 + 355 + -368
-11
What is the value of (7 - 0) + (2 - (4 + 1))?
4
Calculate (-15 - -8) + 2 + -2 + 12.
5
2 - 8 - (-9 - -7)
-4
1 + 3 + (5 - 12)
-3
Calculate -4 - (-6 + (8 - 0)).
-6
What is the value of 9 - (11 - -5 - 6)?
-1
Calculate -5 - (-4 + (4 - (-3 + 6))).
-2
(-3 + 3 - -1 - -2) + -6
-3
What is the value of 3 + 1 + (-13 - (-12 + 9))?
-6
What is the value of (2 - -2) + (-9 - -2)?
-3
Calculate (-2 - (-1 - 2)) + -4.
-3
-5 + (6 - (0 - -1))
0
What is the value of -12 + 13 - (-5 + 1)?
5
Calculate 7 + -13 - 5 - -7.
-4
Evaluate -7 - (7 + -14) - (-1 - -1).
0
Evaluate 32 - 41 - (1 + -6).
-4
Evaluate (-10 - -2) + 40 + -31.
1
Evaluate -12 - (13 + -5 + -11).
-9
Calculate (3 - 5 - -5) + -5.
-2
What is (1 - (-1 - 1)) + (-95 - -90)?
-2
0 + 1 + (2 - 2) + 4
5
Calculate 3 + -1 + (-5 - -1).
-2
Calculate 0 + (-1 - (2 - 6)).
3
Evaluate (2 - 0) + -1 + 2.
3
Calculate 13 - (11 - 12 - -6).
8
What is the value of (13 - (9 - 4)) + -4?
4
What is the value of (5 - -2) + -5 - -3?
5
Evaluate 1 - (4 + 3 + -3) - -4.
1
What is the value of 5 - (-3 + (8 - 3))?
3
What is (17 - 7) + -9 - -4?
5
Calculate -3 - 3 - (4 - (13 - 1)).
2
Calculate 3 - 6 - (3 + -5) - 1.
-2
What is the value of 2 - -4 - (5 - (4 + -2))?
3
Evaluate 14 + -15 + -10 + 9.
-2
What is (-6 - 1 - (-15 + 11)) + 3?
0
Evaluate (-13 - -14) + (0 - -1).
2
What is -1 + 2 + (-2 + 0 - -3)?
2
Calculate -5 + 0 - (-48 - -44).
-1
What is the value of -8 - -6 - (-1 - 0)?
-1
Calculate 8 + -3 + -5 + 0 + 1.
1
What is -17 - -14 - (2 + -7 + 1)?
1
Calculate -1 + -7 - (-16 + 7 + 4).
-3
What is (-1 - -1) + (5 - (-5 + 4))?
6
What is the value of (2 - -3) + (-1 - 0) - 0?
4
What is the value of -3 - ((0 - 0) + (-1 - -2))?
-4
What is the value of 10 + (5 + -14 + 1 - -5)?
7
(-1 + -2 - (18 - 20)) + 2
1
Evaluate -1 + 0 - (-1 + (-1 - 1)).
2
What is 0 - (-6 + (-12 + 6 - -5))?
7
-4 - (-8 - (7 - 11))
0
(1 - 8) + (9 - 1)
1
What is -5 + (7 - 14 - -15) + -6?
-3
What is -9 - -2 - (-6 + -4)?
3
Evaluate -5 + (11 - 8 - (1 - 5)).
2
What is the value of 14 + -20 + 0 + -5?
-11
Calculate (-2 - (0 - 3)) + -6 + 5.
0
Calculat